{"id":6104,"date":"2025-05-06T08:14:14","date_gmt":"2025-05-06T11:14:14","guid":{"rendered":"https:\/\/canela.rs.gov.br\/sitenovo\/?page_id=6104"},"modified":"2025-09-03T10:24:13","modified_gmt":"2025-09-03T13:24:13","slug":"formulario-de-atualizacao-tipos-de-processos","status":"publish","type":"page","link":"https:\/\/canela.rs.gov.br\/sitenovo\/smgp\/dmti\/formulario-de-atualizacao-tipos-de-processos\/","title":{"rendered":"Formul\u00e1rio de Atualiza\u00e7\u00e3o Tipos de Processos"},"content":{"rendered":"\t\t<div data-elementor-type=\"wp-page\" data-elementor-id=\"6104\" class=\"elementor elementor-6104\" data-elementor-post-type=\"page\">\n\t\t\t\t<div class=\"elementor-element elementor-element-338111a5 e-flex e-con-boxed e-con e-parent\" data-id=\"338111a5\" data-element_type=\"container\" data-e-type=\"container\" data-settings=\"{&quot;background_background&quot;:&quot;classic&quot;,&quot;jet_parallax_layout_list&quot;:[]}\">\n\t\t\t\t\t<div class=\"e-con-inner\">\n\t\t\t\t<div class=\"elementor-element elementor-element-bc1aca7 elementor-widget elementor-widget-jet-breadcrumbs\" data-id=\"bc1aca7\" data-element_type=\"widget\" data-e-type=\"widget\" data-widget_type=\"jet-breadcrumbs.default\">\n\t\t\t\t<div class=\"elementor-widget-container\">\n\t\t\t\t\t<div class=\"elementor-jet-breadcrumbs jet-blocks\">\n\t\t<div class=\"jet-breadcrumbs\">\n\t\t<div class=\"jet-breadcrumbs__content\">\n\t\t<div class=\"jet-breadcrumbs__wrap\"><div class=\"jet-breadcrumbs__item\"><a href=\"https:\/\/canela.rs.gov.br\/sitenovo\/\" class=\"jet-breadcrumbs__item-link is-home\" rel=\"home\" title=\"Home\">Home<\/a><\/div>\n\t\t<\/div>\n\t\t<\/div>\n\t\t<\/div><\/div>\t\t\t\t<\/div>\n\t\t\t\t<\/div>\n\t\t\t\t\t<\/div>\n\t\t\t\t<\/div>\n\t\t<div class=\"elementor-element elementor-element-2a4abce3 e-flex e-con-boxed e-con e-parent\" data-id=\"2a4abce3\" data-element_type=\"container\" data-e-type=\"container\" data-settings=\"{&quot;background_background&quot;:&quot;classic&quot;,&quot;jet_parallax_layout_list&quot;:[]}\">\n\t\t\t\t\t<div class=\"e-con-inner\">\n\t\t\t\t<div class=\"elementor-element elementor-element-b253e4b elementor-view-framed elementor-position-inline-start elementor-shape-circle elementor-mobile-position-block-start elementor-widget elementor-widget-icon-box\" data-id=\"b253e4b\" data-element_type=\"widget\" data-e-type=\"widget\" data-widget_type=\"icon-box.default\">\n\t\t\t\t<div class=\"elementor-widget-container\">\n\t\t\t\t\t\t\t<div class=\"elementor-icon-box-wrapper\">\n\n\t\t\t\t\t\t<div class=\"elementor-icon-box-icon\">\n\t\t\t\t<span  class=\"elementor-icon\">\n\t\t\t\t<svg aria-hidden=\"true\" class=\"e-font-icon-svg e-far-file-alt\" viewBox=\"0 0 384 512\" xmlns=\"http:\/\/www.w3.org\/2000\/svg\"><path d=\"M288 248v28c0 6.6-5.4 12-12 12H108c-6.6 0-12-5.4-12-12v-28c0-6.6 5.4-12 12-12h168c6.6 0 12 5.4 12 12zm-12 72H108c-6.6 0-12 5.4-12 12v28c0 6.6 5.4 12 12 12h168c6.6 0 12-5.4 12-12v-28c0-6.6-5.4-12-12-12zm108-188.1V464c0 26.5-21.5 48-48 48H48c-26.5 0-48-21.5-48-48V48C0 21.5 21.5 0 48 0h204.1C264.8 0 277 5.1 286 14.1L369.9 98c9 8.9 14.1 21.2 14.1 33.9zm-128-80V128h76.1L256 51.9zM336 464V176H232c-13.3 0-24-10.7-24-24V48H48v416h288z\"><\/path><\/svg>\t\t\t\t<\/span>\n\t\t\t<\/div>\n\t\t\t\n\t\t\t\t\t\t<div class=\"elementor-icon-box-content\">\n\n\t\t\t\t\t\t\t\t\t<h1 class=\"elementor-icon-box-title\">\n\t\t\t\t\t\t<span  >\n\t\t\t\t\t\t\tFormul\u00e1rio de Atualiza\u00e7\u00e3o de Tipos de Processo\t\t\t\t\t\t<\/span>\n\t\t\t\t\t<\/h1>\n\t\t\t\t\n\t\t\t\t\n\t\t\t<\/div>\n\t\t\t\n\t\t<\/div>\n\t\t\t\t\t\t<\/div>\n\t\t\t\t<\/div>\n\t\t\t\t\t<\/div>\n\t\t\t\t<\/div>\n\t\t<div class=\"elementor-element elementor-element-8339ad2 e-flex e-con-boxed e-con e-parent\" data-id=\"8339ad2\" data-element_type=\"container\" data-e-type=\"container\" data-settings=\"{&quot;jet_parallax_layout_list&quot;:[]}\">\n\t\t\t\t\t<div class=\"e-con-inner\">\n\t\t<div class=\"elementor-element elementor-element-7191edaf e-con-full e-flex e-con e-child\" data-id=\"7191edaf\" data-element_type=\"container\" data-e-type=\"container\" data-settings=\"{&quot;jet_parallax_layout_list&quot;:[]}\">\n\t\t\t\t<div class=\"elementor-element elementor-element-d74ebee elementor-button-align-stretch elementor-widget elementor-widget-form\" data-id=\"d74ebee\" data-element_type=\"widget\" data-e-type=\"widget\" data-settings=\"{&quot;button_width&quot;:&quot;25&quot;,&quot;step_next_label&quot;:&quot;Pr\\u00f3ximo&quot;,&quot;step_previous_label&quot;:&quot;Anterior&quot;,&quot;step_type&quot;:&quot;number_text&quot;,&quot;step_icon_shape&quot;:&quot;circle&quot;}\" data-widget_type=\"form.default\">\n\t\t\t\t<div class=\"elementor-widget-container\">\n\t\t\t\t\t\t\t<form class=\"elementor-form\" method=\"post\" name=\"Tipo de Processo\" aria-label=\"Tipo de Processo\">\n\t\t\t<input type=\"hidden\" name=\"post_id\" value=\"6104\"\/>\n\t\t\t<input type=\"hidden\" name=\"form_id\" value=\"d74ebee\"\/>\n\t\t\t<input type=\"hidden\" name=\"referer_title\" value=\"Formul\u00e1rio de Atualiza\u00e7\u00e3o Tipos de Processos - Prefeitura Municipal de Canela\" \/>\n\n\t\t\t\t\t\t\t<input type=\"hidden\" name=\"queried_id\" value=\"6104\"\/>\n\t\t\t\n\t\t\t<div class=\"elementor-form-fields-wrapper elementor-labels-above\">\n\t\t\t\t\t\t\t\t<div class=\"elementor-field-type-step elementor-field-group elementor-column elementor-field-group-field_a52588f elementor-col-100\">\n\t\t\t\t\t\t\t<div class=\"e-field-step elementor-hidden\" data-label=\"Tipo de Processo\" data-previousButton=\"\" data-nextButton=\"\" data-iconUrl=\"\" data-iconLibrary=\"fas fa-star\" data-icon=\"&lt;svg class=&quot;e-font-icon-svg e-fas-star&quot; viewBox=&quot;0 0 576 512&quot; xmlns=&quot;http:\/\/www.w3.org\/2000\/svg&quot;&gt;&lt;path d=&quot;M259.3 17.8L194 150.2 47.9 171.5c-26.2 3.8-36.7 36.1-17.7 54.6l105.7 103-25 145.5c-4.5 26.3 23.2 46 46.4 33.7L288 439.6l130.7 68.7c23.2 12.2 50.9-7.4 46.4-33.7l-25-145.5 105.7-103c19-18.5 8.5-50.8-17.7-54.6L382 150.2 316.7 17.8c-11.7-23.6-45.6-23.9-57.4 0z&quot;&gt;&lt;\/path&gt;&lt;\/svg&gt;\" ><\/div>\n\n\t\t\t\t\t\t<\/div>\n\t\t\t\t\t\t\t\t<div class=\"elementor-field-type-text elementor-field-group elementor-column elementor-field-group-responsavel elementor-col-100 elementor-field-required\">\n\t\t\t\t\t\t\t\t\t\t\t\t<label for=\"form-field-responsavel\" class=\"elementor-field-label\">\n\t\t\t\t\t\t\t\tRespons\u00e1vel pelo Preenchimento\t\t\t\t\t\t\t<\/label>\n\t\t\t\t\t\t\t\t\t\t\t\t\t\t<input size=\"1\" type=\"text\" name=\"form_fields[responsavel]\" id=\"form-field-responsavel\" class=\"elementor-field elementor-size-sm  elementor-field-textual\" required=\"required\">\n\t\t\t\t\t\t\t\t\t\t\t<\/div>\n\t\t\t\t\t\t\t\t<div class=\"elementor-field-type-email elementor-field-group elementor-column elementor-field-group-email elementor-col-100 elementor-field-required\">\n\t\t\t\t\t\t\t\t\t\t\t\t<label for=\"form-field-email\" class=\"elementor-field-label\">\n\t\t\t\t\t\t\t\tE-mail\t\t\t\t\t\t\t<\/label>\n\t\t\t\t\t\t\t\t\t\t\t\t\t\t<input size=\"1\" type=\"email\" name=\"form_fields[email]\" id=\"form-field-email\" class=\"elementor-field elementor-size-sm  elementor-field-textual\" required=\"required\">\n\t\t\t\t\t\t\t\t\t\t\t<\/div>\n\t\t\t\t\t\t\t\t<div class=\"elementor-field-type-text elementor-field-group elementor-column elementor-field-group-ramal elementor-col-100 elementor-field-required\">\n\t\t\t\t\t\t\t\t\t\t\t\t<label for=\"form-field-ramal\" class=\"elementor-field-label\">\n\t\t\t\t\t\t\t\tRamal\t\t\t\t\t\t\t<\/label>\n\t\t\t\t\t\t\t\t\t\t\t\t\t\t<input size=\"1\" type=\"text\" name=\"form_fields[ramal]\" id=\"form-field-ramal\" class=\"elementor-field elementor-size-sm  elementor-field-textual\" required=\"required\">\n\t\t\t\t\t\t\t\t\t\t\t<\/div>\n\t\t\t\t\t\t\t\t<div class=\"elementor-field-type-text elementor-field-group elementor-column elementor-field-group-tipodeprocesso elementor-col-100 elementor-field-required\">\n\t\t\t\t\t\t\t\t\t\t\t\t<label for=\"form-field-tipodeprocesso\" class=\"elementor-field-label\">\n\t\t\t\t\t\t\t\tTipo de Processo\t\t\t\t\t\t\t<\/label>\n\t\t\t\t\t\t\t\t\t\t\t\t\t\t<input size=\"1\" type=\"text\" name=\"form_fields[tipodeprocesso]\" id=\"form-field-tipodeprocesso\" class=\"elementor-field elementor-size-sm  elementor-field-textual\" required=\"required\">\n\t\t\t\t\t\t\t\t\t\t\t<\/div>\n\t\t\t\t\t\t\t\t<div class=\"elementor-field-type-select elementor-field-group elementor-column elementor-field-group-solictacao elementor-col-100\">\n\t\t\t\t\t\t\t\t\t\t\t\t<label for=\"form-field-solictacao\" class=\"elementor-field-label\">\n\t\t\t\t\t\t\t\tTipo de Solicita\u00e7\u00e3o Padr\u00e3o (caso exista)\t\t\t\t\t\t\t<\/label>\n\t\t\t\t\t\t\t\t<div class=\"elementor-field elementor-select-wrapper remove-before \">\n\t\t\t<div class=\"select-caret-down-wrapper\">\n\t\t\t\t<svg aria-hidden=\"true\" class=\"e-font-icon-svg e-eicon-caret-down\" viewBox=\"0 0 571.4 571.4\" xmlns=\"http:\/\/www.w3.org\/2000\/svg\"><path d=\"M571 393Q571 407 561 418L311 668Q300 679 286 679T261 668L11 418Q0 407 0 393T11 368 36 357H536Q550 357 561 368T571 393Z\"><\/path><\/svg>\t\t\t<\/div>\n\t\t\t<select name=\"form_fields[solictacao]\" id=\"form-field-solictacao\" class=\"elementor-field-textual elementor-size-sm\">\n\t\t\t\t\t\t\t\t\t<option value=\"Tipo de Solicita\u00e7\u00e3o Padr\u00e3o\">Tipo de Solicita\u00e7\u00e3o Padr\u00e3o<\/option>\n\t\t\t\t\t\t\t\t\t<option value=\"Altera\u00e7\u00e3o\">Altera\u00e7\u00e3o<\/option>\n\t\t\t\t\t\t\t\t\t<option value=\"Apura\u00e7\u00e3o\">Apura\u00e7\u00e3o<\/option>\n\t\t\t\t\t\t\t\t\t<option value=\"Arquivamento\">Arquivamento<\/option>\n\t\t\t\t\t\t\t\t\t<option value=\"Corre\u00e7\u00e3o\">Corre\u00e7\u00e3o<\/option>\n\t\t\t\t\t\t\t\t\t<option value=\"Dar ci\u00eancia\">Dar ci\u00eancia<\/option>\n\t\t\t\t\t\t\t\t\t<option value=\"Declara\u00e7\u00e3o\">Declara\u00e7\u00e3o<\/option>\n\t\t\t\t\t\t\t\t\t<option value=\"Defesa\">Defesa<\/option>\n\t\t\t\t\t\t\t\t\t<option value=\"Den\u00fancia\">Den\u00fancia<\/option>\n\t\t\t\t\t\t\t\t\t<option value=\"Doa\u00e7\u00e3o\">Doa\u00e7\u00e3o<\/option>\n\t\t\t\t\t\t\t\t\t<option value=\"Exclus\u00e3o\">Exclus\u00e3o<\/option>\n\t\t\t\t\t\t\t\t\t<option value=\"Inclus\u00e3o\">Inclus\u00e3o<\/option>\n\t\t\t\t\t\t\t\t\t<option value=\"Informa\u00e7\u00e3o\">Informa\u00e7\u00e3o<\/option>\n\t\t\t\t\t\t\t\t\t<option value=\"Instru\u00e7\u00e3o\">Instru\u00e7\u00e3o<\/option>\n\t\t\t\t\t\t\t\t\t<option value=\"Modifica\u00e7\u00e3o\">Modifica\u00e7\u00e3o<\/option>\n\t\t\t\t\t\t\t\t\t<option value=\"Notifica\u00e7\u00e3o\">Notifica\u00e7\u00e3o<\/option>\n\t\t\t\t\t\t\t\t\t<option value=\"Or\u00e7amento\">Or\u00e7amento<\/option>\n\t\t\t\t\t\t\t\t\t<option value=\"Parecer\">Parecer<\/option>\n\t\t\t\t\t\t\t\t\t<option value=\"Pedido de Deferimento\">Pedido de Deferimento<\/option>\n\t\t\t\t\t\t\t\t\t<option value=\"Pedido de Provid\u00eancia\">Pedido de Provid\u00eancia<\/option>\n\t\t\t\t\t\t\t\t\t<option value=\"Reclama\u00e7\u00e3o\">Reclama\u00e7\u00e3o<\/option>\n\t\t\t\t\t\t\t\t\t<option value=\"Recurso\">Recurso<\/option>\n\t\t\t\t\t\t\t\t\t<option value=\"Renova\u00e7\u00e3o\">Renova\u00e7\u00e3o<\/option>\n\t\t\t\t\t\t\t\t\t<option value=\"Ressarcimento\">Ressarcimento<\/option>\n\t\t\t\t\t\t\t\t\t<option value=\"Solicita\u00e7\u00e3o\">Solicita\u00e7\u00e3o<\/option>\n\t\t\t\t\t\t\t\t\t<option value=\"Sugest\u00e3o\">Sugest\u00e3o<\/option>\n\t\t\t\t\t\t\t\t\t<option value=\"Transfer\u00eancia\">Transfer\u00eancia<\/option>\n\t\t\t\t\t\t\t\t\t<option value=\"Vistoria\">Vistoria<\/option>\n\t\t\t\t\t\t\t<\/select>\n\t\t<\/div>\n\t\t\t\t\t\t<\/div>\n\t\t\t\t\t\t\t\t<div class=\"elementor-field-type-select elementor-field-group elementor-column elementor-field-group-secretaria elementor-col-100 elementor-field-required\">\n\t\t\t\t\t\t\t\t\t\t\t\t<label for=\"form-field-secretaria\" class=\"elementor-field-label\">\n\t\t\t\t\t\t\t\tSecretaria\t\t\t\t\t\t\t<\/label>\n\t\t\t\t\t\t\t\t<div class=\"elementor-field elementor-select-wrapper remove-before \">\n\t\t\t<div class=\"select-caret-down-wrapper\">\n\t\t\t\t<svg aria-hidden=\"true\" class=\"e-font-icon-svg e-eicon-caret-down\" viewBox=\"0 0 571.4 571.4\" xmlns=\"http:\/\/www.w3.org\/2000\/svg\"><path d=\"M571 393Q571 407 561 418L311 668Q300 679 286 679T261 668L11 418Q0 407 0 393T11 368 36 357H536Q550 357 561 368T571 393Z\"><\/path><\/svg>\t\t\t<\/div>\n\t\t\t<select name=\"form_fields[secretaria]\" id=\"form-field-secretaria\" class=\"elementor-field-textual elementor-size-sm\" required=\"required\">\n\t\t\t\t\t\t\t\t\t<option value=\"SECRETARIA\">SECRETARIA<\/option>\n\t\t\t\t\t\t\t\t\t<option value=\"Gabinete do Prefeito\">Gabinete do Prefeito<\/option>\n\t\t\t\t\t\t\t\t\t<option value=\"Secretaria-Geral de Governo\">Secretaria-Geral de Governo<\/option>\n\t\t\t\t\t\t\t\t\t<option value=\"Secretaria Municipal de Gest\u00e3o P\u00fablica\">Secretaria Municipal de Gest\u00e3o P\u00fablica<\/option>\n\t\t\t\t\t\t\t\t\t<option value=\"Secretaria Municipal da Fazenda e Desenvolvimento Econ\u00f4mico\">Secretaria Municipal da Fazenda e Desenvolvimento Econ\u00f4mico<\/option>\n\t\t\t\t\t\t\t\t\t<option value=\"Secretaria Municipal de Educa\u00e7\u00e3o, Esporte e Lazer\">Secretaria Municipal de Educa\u00e7\u00e3o, Esporte e Lazer<\/option>\n\t\t\t\t\t\t\t\t\t<option value=\"Secretaria Municipal de Sa\u00fade\">Secretaria Municipal de Sa\u00fade<\/option>\n\t\t\t\t\t\t\t\t\t<option value=\"Secretaria Municipal de Assist\u00eancia, Desenvolvimento Social, Cidadania e Habita\u00e7\u00e3o\">Secretaria Municipal de Assist\u00eancia, Desenvolvimento Social, Cidadania e Habita\u00e7\u00e3o<\/option>\n\t\t\t\t\t\t\t\t\t<option value=\"Secretaria Municipal de Meio Ambiente e Urbanismo\">Secretaria Municipal de Meio Ambiente e Urbanismo<\/option>\n\t\t\t\t\t\t\t\t\t<option value=\"Secretaria Municipal de Tr\u00e2nsito, Transportes e Fiscaliza\u00e7\u00e3o\">Secretaria Municipal de Tr\u00e2nsito, Transportes e Fiscaliza\u00e7\u00e3o<\/option>\n\t\t\t\t\t\t\t\t\t<option value=\"Secretaria Municipal de Obras, Servi\u00e7os Urbanos e Agricultura\">Secretaria Municipal de Obras, Servi\u00e7os Urbanos e Agricultura<\/option>\n\t\t\t\t\t\t\t\t\t<option value=\"Secretaria Municipal de Turismo e Cultura\">Secretaria Municipal de Turismo e Cultura<\/option>\n\t\t\t\t\t\t\t<\/select>\n\t\t<\/div>\n\t\t\t\t\t\t<\/div>\n\t\t\t\t\t\t\t\t<div class=\"elementor-field-type-text elementor-field-group elementor-column elementor-field-group-departamento elementor-col-100\">\n\t\t\t\t\t\t\t\t\t\t\t\t<label for=\"form-field-departamento\" class=\"elementor-field-label\">\n\t\t\t\t\t\t\t\tDepartamento\t\t\t\t\t\t\t<\/label>\n\t\t\t\t\t\t\t\t\t\t\t\t\t\t<input size=\"1\" type=\"text\" name=\"form_fields[departamento]\" id=\"form-field-departamento\" class=\"elementor-field elementor-size-sm  elementor-field-textual\" placeholder=\"Preencha caso seja processo de um Departamento Espec\u00edfico\">\n\t\t\t\t\t\t\t\t\t\t\t<\/div>\n\t\t\t\t\t\t\t\t<div class=\"elementor-field-type-radio elementor-field-group elementor-column elementor-field-group-tramitacao elementor-col-100 elementor-field-required\">\n\t\t\t\t\t\t\t\t\t\t\t\t<label for=\"form-field-tramitacao\" class=\"elementor-field-label\">\n\t\t\t\t\t\t\t\tAbertura do processo\t\t\t\t\t\t\t<\/label>\n\t\t\t\t\t\t<div class=\"elementor-field-subgroup  elementor-subgroup-inline\"><span class=\"elementor-field-option\"><input type=\"radio\" value=\"Presencial (apenas na prefeitura)\" id=\"form-field-tramitacao-0\" name=\"form_fields[tramitacao]\" required=\"required\"> <label for=\"form-field-tramitacao-0\">Presencial (apenas na prefeitura)<\/label><\/span><span class=\"elementor-field-option\"><input type=\"radio\" value=\"Servi\u00e7o online (qualquer cidad\u00e3o)\" id=\"form-field-tramitacao-1\" name=\"form_fields[tramitacao]\" required=\"required\"> <label for=\"form-field-tramitacao-1\">Servi\u00e7o online (qualquer cidad\u00e3o)<\/label><\/span><span class=\"elementor-field-option\"><input type=\"radio\" value=\"Ambos\" id=\"form-field-tramitacao-2\" name=\"form_fields[tramitacao]\" required=\"required\"> <label for=\"form-field-tramitacao-2\">Ambos<\/label><\/span><\/div>\t\t\t\t<\/div>\n\t\t\t\t\t\t\t\t<div class=\"elementor-field-type-textarea elementor-field-group elementor-column elementor-field-group-infoadicional elementor-col-100\">\n\t\t\t\t\t\t\t\t\t\t\t\t<label for=\"form-field-infoadicional\" class=\"elementor-field-label\">\n\t\t\t\t\t\t\t\tInforma\u00e7\u00f5es adicionais, se necess\u00e1rio\t\t\t\t\t\t\t<\/label>\n\t\t\t\t\t\t<textarea class=\"elementor-field-textual elementor-field  elementor-size-sm\" name=\"form_fields[infoadicional]\" id=\"form-field-infoadicional\" rows=\"4\"><\/textarea>\t\t\t\t<\/div>\n\t\t\t\t\t\t\t\t<div class=\"elementor-field-type-step elementor-field-group elementor-column elementor-field-group-field_ef3f38f elementor-col-100\">\n\t\t\t\t\t\t\t<div class=\"e-field-step elementor-hidden\" data-label=\"Etapas\" data-previousButton=\"\" data-nextButton=\"\" data-iconUrl=\"\" data-iconLibrary=\"fas fa-star\" data-icon=\"&lt;svg class=&quot;e-font-icon-svg e-fas-star&quot; viewBox=&quot;0 0 576 512&quot; xmlns=&quot;http:\/\/www.w3.org\/2000\/svg&quot;&gt;&lt;path d=&quot;M259.3 17.8L194 150.2 47.9 171.5c-26.2 3.8-36.7 36.1-17.7 54.6l105.7 103-25 145.5c-4.5 26.3 23.2 46 46.4 33.7L288 439.6l130.7 68.7c23.2 12.2 50.9-7.4 46.4-33.7l-25-145.5 105.7-103c19-18.5 8.5-50.8-17.7-54.6L382 150.2 316.7 17.8c-11.7-23.6-45.6-23.9-57.4 0z&quot;&gt;&lt;\/path&gt;&lt;\/svg&gt;\" ><\/div>\n\n\t\t\t\t\t\t<\/div>\n\t\t\t\t\t\t\t\t<div class=\"elementor-field-type-textarea elementor-field-group elementor-column elementor-field-group-etapas elementor-col-100 elementor-field-required\">\n\t\t\t\t\t\t\t\t\t\t\t\t<label for=\"form-field-etapas\" class=\"elementor-field-label\">\n\t\t\t\t\t\t\t\tSequ\u00eancia das Etapas\t\t\t\t\t\t\t<\/label>\n\t\t\t\t\t\t<textarea class=\"elementor-field-textual elementor-field  elementor-size-sm\" name=\"form_fields[etapas]\" id=\"form-field-etapas\" rows=\"10\" placeholder=\"Qual a sequencia de tramita\u00e7\u00e3o prevista para este processo\" required=\"required\"><\/textarea>\t\t\t\t<\/div>\n\t\t\t\t\t\t\t\t<div class=\"elementor-field-type-step elementor-field-group elementor-column elementor-field-group-field_8487ab8 elementor-col-100\">\n\t\t\t\t\t\t\t<div class=\"e-field-step elementor-hidden\" data-label=\"Requisitos\" data-previousButton=\"\" data-nextButton=\"\" data-iconUrl=\"\" data-iconLibrary=\"fas fa-star\" data-icon=\"&lt;svg class=&quot;e-font-icon-svg e-fas-star&quot; viewBox=&quot;0 0 576 512&quot; xmlns=&quot;http:\/\/www.w3.org\/2000\/svg&quot;&gt;&lt;path d=&quot;M259.3 17.8L194 150.2 47.9 171.5c-26.2 3.8-36.7 36.1-17.7 54.6l105.7 103-25 145.5c-4.5 26.3 23.2 46 46.4 33.7L288 439.6l130.7 68.7c23.2 12.2 50.9-7.4 46.4-33.7l-25-145.5 105.7-103c19-18.5 8.5-50.8-17.7-54.6L382 150.2 316.7 17.8c-11.7-23.6-45.6-23.9-57.4 0z&quot;&gt;&lt;\/path&gt;&lt;\/svg&gt;\" ><\/div>\n\n\t\t\t\t\t\t<\/div>\n\t\t\t\t\t\t\t\t<div class=\"elementor-field-type-textarea elementor-field-group elementor-column elementor-field-group-requisitos elementor-col-100 elementor-field-required\">\n\t\t\t\t\t\t\t\t\t\t\t\t<label for=\"form-field-requisitos\" class=\"elementor-field-label\">\n\t\t\t\t\t\t\t\tRequisitos\t\t\t\t\t\t\t<\/label>\n\t\t\t\t\t\t<textarea class=\"elementor-field-textual elementor-field  elementor-size-sm\" name=\"form_fields[requisitos]\" id=\"form-field-requisitos\" rows=\"10\" placeholder=\"Quais documentos e ou formula\u00b4rios devem ser anexados ao processo\" required=\"required\"><\/textarea>\t\t\t\t<\/div>\n\t\t\t\t\t\t\t\t<div class=\"elementor-field-type-upload elementor-field-group elementor-column elementor-field-group-formulario elementor-col-100 elementor-field-required\">\n\t\t\t\t\t\t\t\t\t\t\t\t<label for=\"form-field-formulario\" class=\"elementor-field-label\">\n\t\t\t\t\t\t\t\tFormul\u00e1rio\t\t\t\t\t\t\t<\/label>\n\t\t\t\t\t\t\t\t<input type=\"file\" name=\"form_fields[formulario]\" id=\"form-field-formulario\" class=\"elementor-field elementor-size-sm  elementor-upload-field\" required=\"required\">\n\n\t\t\t\t\t\t<\/div>\n\t\t\t\t\t\t\t\t<div class=\"elementor-field-type-upload elementor-field-group elementor-column elementor-field-group-formulario1 elementor-col-100 elementor-field-required\">\n\t\t\t\t\t\t\t\t\t\t\t\t<label for=\"form-field-formulario1\" class=\"elementor-field-label\">\n\t\t\t\t\t\t\t\tFormul\u00e1rio\t\t\t\t\t\t\t<\/label>\n\t\t\t\t\t\t\t\t<input type=\"file\" name=\"form_fields[formulario1]\" id=\"form-field-formulario1\" class=\"elementor-field elementor-size-sm  elementor-upload-field\" required=\"required\">\n\n\t\t\t\t\t\t<\/div>\n\t\t\t\t\t\t\t\t<div class=\"elementor-field-type-upload elementor-field-group elementor-column elementor-field-group-formulario2 elementor-col-100 elementor-field-required\">\n\t\t\t\t\t\t\t\t\t\t\t\t<label for=\"form-field-formulario2\" class=\"elementor-field-label\">\n\t\t\t\t\t\t\t\tFormul\u00e1rio\t\t\t\t\t\t\t<\/label>\n\t\t\t\t\t\t\t\t<input type=\"file\" name=\"form_fields[formulario2]\" id=\"form-field-formulario2\" class=\"elementor-field elementor-size-sm  elementor-upload-field\" required=\"required\">\n\n\t\t\t\t\t\t<\/div>\n\t\t\t\t\t\t\t\t<div class=\"elementor-field-type-recaptcha_v3 elementor-field-group elementor-column elementor-field-group-field_57f13a7 elementor-col-100 recaptcha_v3-inline\">\n\t\t\t\t\t<div class=\"elementor-field\" id=\"form-field-field_57f13a7\"><div class=\"elementor-g-recaptcha\" data-sitekey=\"6LfmtBorAAAAAAYc_5ejBtEtt5D0u6Pb3rrpo2xY\" data-type=\"v3\" data-action=\"Form\" data-badge=\"inline\" data-size=\"invisible\"><\/div><\/div>\t\t\t\t<\/div>\n\t\t\t\t\t\t\t\t<div class=\"elementor-field-group elementor-column elementor-field-type-submit elementor-col-25 e-form__buttons\">\n\t\t\t\t\t<button class=\"elementor-button elementor-size-sm\" type=\"submit\">\n\t\t\t\t\t\t<span class=\"elementor-button-content-wrapper\">\n\t\t\t\t\t\t\t\t\t\t\t\t\t\t\t\t\t\t\t\t\t\t<span class=\"elementor-button-text\">Enviar<\/span>\n\t\t\t\t\t\t\t\t\t\t\t\t\t<\/span>\n\t\t\t\t\t<\/button>\n\t\t\t\t<\/div>\n\t\t\t<\/div>\n\t\t<\/form>\n\t\t\t\t\t\t<\/div>\n\t\t\t\t<\/div>\n\t\t\t\t<\/div>\n\t\t\t\t\t<\/div>\n\t\t\t\t<\/div>\n\t\t\t\t<\/div>\n\t\t","protected":false},"excerpt":{"rendered":"<p>Home Formul\u00e1rio de Atualiza\u00e7\u00e3o de Tipos de Processo<\/p>\n","protected":false},"author":1,"featured_media":0,"parent":639,"menu_order":0,"comment_status":"closed","ping_status":"closed","template":"elementor_header_footer","meta":{"footnotes":""},"class_list":["post-6104","page","type-page","status-publish","hentry"],"_links":{"self":[{"href":"https:\/\/canela.rs.gov.br\/sitenovo\/wp-json\/wp\/v2\/pages\/6104","targetHints":{"allow":["GET"]}}],"collection":[{"href":"https:\/\/canela.rs.gov.br\/sitenovo\/wp-json\/wp\/v2\/pages"}],"about":[{"href":"https:\/\/canela.rs.gov.br\/sitenovo\/wp-json\/wp\/v2\/types\/page"}],"author":[{"embeddable":true,"href":"https:\/\/canela.rs.gov.br\/sitenovo\/wp-json\/wp\/v2\/users\/1"}],"replies":[{"embeddable":true,"href":"https:\/\/canela.rs.gov.br\/sitenovo\/wp-json\/wp\/v2\/comments?post=6104"}],"version-history":[{"count":58,"href":"https:\/\/canela.rs.gov.br\/sitenovo\/wp-json\/wp\/v2\/pages\/6104\/revisions"}],"predecessor-version":[{"id":9572,"href":"https:\/\/canela.rs.gov.br\/sitenovo\/wp-json\/wp\/v2\/pages\/6104\/revisions\/9572"}],"up":[{"embeddable":true,"href":"https:\/\/canela.rs.gov.br\/sitenovo\/wp-json\/wp\/v2\/pages\/639"}],"wp:attachment":[{"href":"https:\/\/canela.rs.gov.br\/sitenovo\/wp-json\/wp\/v2\/media?parent=6104"}],"curies":[{"name":"wp","href":"https:\/\/api.w.org\/{rel}","templated":true}]}}