{"id":5030,"date":"2025-04-04T18:06:15","date_gmt":"2025-04-04T21:06:15","guid":{"rendered":"https:\/\/canela.rs.gov.br\/sitenovo\/?post_type=cad-cartadeservicos&#038;p=5030"},"modified":"2025-04-04T18:06:15","modified_gmt":"2025-04-04T21:06:15","slug":"solicitacao-de-alvara-pessoa-juridica-nao-exercida-no-local","status":"publish","type":"cad-cartadeservicos","link":"https:\/\/canela.rs.gov.br\/sitenovo\/cad-cartadeservicos\/solicitacao-de-alvara-pessoa-juridica-nao-exercida-no-local\/","title":{"rendered":"Solicita\u00e7\u00e3o de alvar\u00e1 Pessoa Jur\u00eddica N\u00c3O EXERCIDA NO LOCAL"},"template":"","assunto-rel-carta-de-servico":[169],"segmento-da-carta-de-servico":[85],"secretarias-municipais":[129],"class_list":["post-5030","cad-cartadeservicos","type-cad-cartadeservicos","status-publish","hentry","assunto-rel-carta-de-servico-empreendedor","segmento-da-carta-de-servico-empresas","secretarias-municipais-secretaria-municipal-da-fazenda-e-desenvolvimento-economico"],"_links":{"self":[{"href":"https:\/\/canela.rs.gov.br\/sitenovo\/wp-json\/wp\/v2\/cad-cartadeservicos\/5030","targetHints":{"allow":["GET"]}}],"collection":[{"href":"https:\/\/canela.rs.gov.br\/sitenovo\/wp-json\/wp\/v2\/cad-cartadeservicos"}],"about":[{"href":"https:\/\/canela.rs.gov.br\/sitenovo\/wp-json\/wp\/v2\/types\/cad-cartadeservicos"}],"wp:attachment":[{"href":"https:\/\/canela.rs.gov.br\/sitenovo\/wp-json\/wp\/v2\/media?parent=5030"}],"wp:term":[{"taxonomy":"assunto-rel-carta-de-servico","embeddable":true,"href":"https:\/\/canela.rs.gov.br\/sitenovo\/wp-json\/wp\/v2\/assunto-rel-carta-de-servico?post=5030"},{"taxonomy":"segmento-da-carta-de-servico","embeddable":true,"href":"https:\/\/canela.rs.gov.br\/sitenovo\/wp-json\/wp\/v2\/segmento-da-carta-de-servico?post=5030"},{"taxonomy":"secretarias-municipais","embeddable":true,"href":"https:\/\/canela.rs.gov.br\/sitenovo\/wp-json\/wp\/v2\/secretarias-municipais?post=5030"}],"curies":[{"name":"wp","href":"https:\/\/api.w.org\/{rel}","templated":true}]}}

Solicitação de alvará Pessoa Jurídica NÃO EXERCIDA NO LOCAL
